 y - 7. Let m be q(6). Calculate the highest common factor of 9 and m.
9
Let p = 2 - -31. Suppose 0 = -6*w + p + 9. Calculate the highest common factor of 112 and w.
7
Suppose -4*b - 27 = -j - 5, 110 = 5*j + b. Let z = -678 - -766. Calculate the greatest common factor of z and j.
22
Let s(l) = -2*l - 8. Let q be s(-4). Suppose d - 2*d + 33 = q. What is the greatest common divisor of 3 and d?
3
Let g = -386 - -714. Let h be -3 - (-5 + (3 - 4)). Suppose 3*r - 260 = -2*j, -r = -h*j + g + 62. What is the greatest common factor of 26 and j?
26
Suppose m + 163 = k, -5*k - m = -4*m - 819. Let h be 0/(-3)*(2 - 1). Let g be 15*(h + -1 + 2). What is the greatest common factor of k and g?
15
Let t(u) = 54*u**2 - u + 1. Let h be t(1). What is the highest common divisor of 126 and h?
18
Suppose 2*s + 6 = 270. Let p be (0 + -4 + -2)*-2. What is the greatest common factor of p and s?
12
Suppose 54 + 74 = 4*y. Suppose 2*j - 3*t = -t + y, -j - t + 22 = 0. What is the greatest common divisor of j and 19?
19
Let r = -6 + 11. Suppose 0 = 2*a - d - 1, 0 = -r*a + 2*d + 6 - 1. Calculate the highest common divisor of a and 21.
3
Suppose r = -4*h + 86 + 59, 0 = 2*h - 2*r - 80. What is the greatest common factor of h and 37?
37
Let q be (9 + -17)*(-14)/8. Suppose 3*n = -2*v + q, 0*v + 5*v + 11 = 4*n. What is the greatest common divisor of v and 11?
1
Suppose 3*h - 5*s = 688, h = 4*s + 276 - 49. Calculate the greatest common divisor of 21 and h.
21
Suppose -48*f = 233 - 713. Suppose 2*s - 125 = -5*u, 100 = 4*u + s + 3*s. What is the highest common divisor of u and f?
5
Let v(j) = j**3 + 3*j**2 - 1. Let b be v(-2). Suppose -1 = b*r - 64. Suppose -g - r = -4*g. Calculate the highest common factor of g and 56.
7
Let m be (2 - (1 + 3))*(-1 - 21). Calculate the highest common divisor of m and 88.
44
Let y = 297 - 115. Calculate the highest common divisor of 21 and y.
7
Suppose -o + 269 = 3*t, 2*t = -6*o + 10*o + 198. What is the greatest common factor of 455 and t?
91
Let i(a) = -5*a**3 + 4*a**2 - a - 1. Let q be i(-4). Let u = q + -219. Calculate the greatest common factor of u and 21.
21
Suppose -3*q + 4*b + 69 = 0, -2*q + b + 24 = -q. Let m be (q/18)/((-1)/(-30)). What is the highest common factor of m and 30?
15
Suppose 0*c + 83 = -4*z - 3*c, -5*z + c - 80 = 0. Let x = z + 15. Let y be 75*1 - (x - -2). What is the highest common divisor of y and 30?
15
Let g(h) = 1698*h**2 + 2. Let m be g(-1). Calculate the greatest common factor of m and 85.
85
Let t = -1520 - -1585. Let r be 1/4 - (-103)/4. What is the highest common factor of t and r?
13
Let f(t) = t**3 - 7*t**2 - 5*t - 17. Let c be f(8). Let s = 37 - c. Calculate the highest common divisor of s and 270.
30
Let d be ((-2)/3)/((-2)/3). Let r(y) = y + 4. Let m be r(5). Let h be 252/27 + (-3)/m. Calculate the highest common divisor of d and h.
1
Suppose -274*p + 267*p + 1568 = 0. What is the greatest common divisor of 4 and p?
4
Suppose a = -2, -5*x + 8*a = 11*a - 1104. What is the greatest common divisor of 296 and x?
74
Let b be ((-550)/15)/((-3)/(-18)*-4). Let s be 2/(-1) - (-7 - -1). Suppose s = l - 1. What is the greatest common factor of l and b?
5
Suppose -3*k = -3*s - 1872, -3*s - 3114 = -3*k - 2*k. What is the highest common factor of 138 and k?
69
Let k = -88 - -194. Calculate the greatest common factor of k and 265.
53
Let w be (-41)/(-1) - (1 + 0). Let a be (-1)/4 - (-170)/w. Suppose -19 = -c + a. Calculate the highest common factor of 23 and c.
23
Suppose -8 = -0*x - 4*x. Suppose 2*m + 0*h + 2*h = -x, -m = 3*h + 5. Let c = m - -10. Calculate the highest common divisor of c and 44.
11
Suppose -8*c + 3449 = -391. What is the highest common factor of c and 30?
30
Let q be 4/1*(-7 - -8). Suppose -6*s = -q*s - 90. Calculate the highest common factor of 30 and s.
15
Let x = 11 + -7. Let a = 43 - 52. Let s be -3*(-3)/a + 13. Calculate the greatest common divisor of s and x.
4
Let f(i) = -9*i - 10. Let m(b) = -8*b - 9. Let r(p) = -4*f(p) + 5*m(p). Let z be r(-4). Let v = z + 0. Calculate the highest common divisor of v and 11.
11
Let p be 1 - (2 - -1 - 2). Suppose -3 = -2*r + y, p*y - 17 = -3*r - y. Let s be (5 - 130/25) + 22/10. Calculate the greatest common factor of s and r.
2
Let m(f) = -15*f + 11. Let b(q) = -1. Let r(y) = -6*b(y) - m(y). Let h be r(6). What is the highest common factor of 34 and h?
17
Suppose -716 = -5*t - 4*o + 699, 0 = 4*t - 2*o - 1106. Let u = -108 + -72. Let a = t + u. Calculate the greatest common factor of a and 9.
9
Let k = -331 + 363. Calculate the greatest common divisor of k and 424.
8
Suppose -7 = 3*u + 5*k, -2*u + 19 - 53 = -4*k. Let n(w) = w**3 + 8*w**2 - 10*w - 7. Let v be n(u). What is the greatest common factor of v and 10?
2
Let o be (-1)/(-4) + (-22)/(-8). Suppose 0 = -4*h - b + 3*b + 34, 0 = 3*b - 3. Calculate the highest common divisor of h and o.
3
Let n be 2/(-7) + (-170)/(-7). What is the greatest common divisor of n and 20?
4
Suppose -2*g - 5*o - 13 = 0, 8 = 2*g - o + 3. Let i be g + 3 + (-3 - -3) + -1. Calculate the highest common factor of i and 24.
3
Suppose 27*a = p + 24*a - 21, 0 = -p + 2*a + 20. What is the highest common divisor of 522 and p?
18
Suppose 0 = 38*f - 759 - 495. Calculate the highest common factor of f and 891.
33
Suppose 112 - 7 = 4*w - q, 2*w - 4*q - 42 = 0. Calculate the highest common divisor of 459 and w.
27
Let l be 12/3 - (-524 - -2). Let u = 926 - l. Let f be (-56)/98 - u/(-14). Calculate the highest common factor of 224 and f.
28
Suppose -7*u = -2*u + 5. Let t(a) = 3 - 5*a - 2 + 1 - 1. Let f be t(u). What is the highest common factor of 30 and f?
6
Suppose -5*t = -4*s + 3 + 14, 0 = 3*s - 9. Let d be 4 - t/((-5)/(-15)). Let y be -27*(14/6)/(-1). What is the greatest common divisor of d and y?
7
Let q(p) = -p**3 - 9*p**2 - 10*p. Let b be q(-7). Let d be ((-33)/(-6))/((-2)/b). Calculate the greatest common factor of 11 and d.
11
Let i(w) = w**2 - 23*w + 5. Let t be i(25). What is the highest common divisor of t and 25?
5
Let t be (4/(-10)*100)/((-4)/46). Calculate the highest common factor of t and 40.
20
Let y be 6191/453 + 8/6. Let r be (2 - -2*2)*-1. Let t be 2/(-3) + (-454)/r. Calculate the greatest common divisor of t and y.
15
Let q = -1105 - -1462. What is the highest common factor of q and 14?
7
Let y(m) = 3*m**3 + 2*m**2 + 12*m - 25. Let r be y(3). What is the highest common factor of r and 22?
22
Suppose 275 + 31 = 18*k. What is the highest common divisor of 3 and k?
1
Suppose 5*g + h = 763, 22*g + 5*h = 20*g + 319. What is the highest common factor of 88 and g?
8
Suppose -4*f = 3*d - 140, 5*f - 148 = 3*d - 0*d. Suppose p - f = 2*x, 0 = 2*p + x - 25 - 14. Calculate the greatest common divisor of 110 and p.
22
Let h = -37 + 39. Suppose 29 - 2 = 3*j - a, -h*j + 13 = a. Calculate the greatest common divisor of 52 and j.
4
Let b(d) = -147*d**3 + d**2 + 2*d + 2. Let t be 5/(-10)*1*2. Let p be b(t). Calculate the highest common divisor of p and 37.
37
Suppose 5*a - 14715 = -21*l + 19*l, 2*a = -4*l + 5886. What is the greatest common divisor of a and 27?
27
Let j be 3/(15/4 + -3). Let x be (2/j)/((-1)/(-18)). Let h be (3*-1)/(x/(-198)). Calculate the greatest common factor of 6 and h.
6
Let h(r) be the first derivative of -r**4/4 - 2*r**3 - 3*r**2 + 4*r - 31. Suppose 0*v - 5 = v. Let k be h(v). What is the greatest common divisor of 6 and k?
3
Let g(h) = -5*h**3 + 20*h**2 + 3*h - 6. Let j be g(4). Let k be ((-14)/4)/(2/(-24)). What is the highest common factor of j and k?
6
Let i be (5*(-3 + 1))/(-2). Let t(q) = -6*q**2 + q**2 - i + 6*q**2 - 5*q. Let g be t(8). Calculate the greatest common divisor of g and 38.
19
Suppose -5*v - 6*j = -8*j - 640, 2*v - 3*j - 245 = 0. Calculate the highest common factor of 10 and v.
10
Let t be 3 + -1 + 0 + 63. Let m = t + -49. Calculate the highest common divisor of 64 and m.
16
Suppose 28 = 2*o - 2. Suppose -2*j - 24 = -0*j. Let h be 25/(-15)*j/2. Calculate the greatest common divisor of h and o.
5
Suppose -19*m + 22*m = -135. Let t be 5340/27 + (-10)/m. Suppose 0 = -3*p - 5*u + 39, 2*p - 4*u - 55 = -7. What is the greatest common factor of t and p?
18
Let h be 9*1*(15 - 1). Let i(o) = 15*o**2 + 2*o + 1. Let v be i(1). What is the highest common divisor of v and h?
18
Suppose 18*h = 33*h - 60. Calculat